 of w**3/6 - 2*w**2 - w. Let z = 77 - 71. What is i(z)?
2
Let r(u) = 4 + 7*u - 2 + 2 - 6*u. Determine r(5).
9
Let r(p) be the second derivative of -p**5/20 + 11*p**4/12 + p**3/6 + p**2 + 52*p. What is r(11)?
13
Let y(n) = 3*n - 5. Let d be y(6). Let b = -8 + d. Let t(r) = -6 - r**2 + 3*r + b*r + 2*r - 3*r. Give t(5).
4
Let y(b) be the second derivative of -b**4/12 - b**2/2 + 2*b. Let d be -3 + 0 + -1 + 3. Calculate y(d).
-2
Let n = -2 + 1. Let k = -2 + 9. Let r(m) = m**3 - 7*m + 10. Let y(o) = o**3 - 5*o + 7. Let w(g) = k*y(g) - 5*r(g). What is w(n)?
-3
Let l = 2 + -7. Let n(u) = u**3 + 6*u**2 + 4*u + 2. Calculate n(l).
7
Let g(p) = 2*p**3 + 12*p**2 - 7*p - 9. Let i(f) = 3*f**3 + 18*f**2 - 10*f - 14. Let r(l) = 7*g(l) - 5*i(l). Calculate r(-6).
1
Let v = 13 - 7. Let c(n) be the second derivative of -n**7/2520 + n**6/144 + n**5/20 + n**4/4 + 2*n. Let h(g) be the third derivative of c(g). Calculate h(v).
0
Suppose 0 = -4*t, -2*t + 0 + 2 = -f. Let k(v) = -v**2 - 3*v - 2. Determine k(f).
0
Suppose -2*m - 4*o - 4 = 0, -2*o = -4*m + 3*o + 31. Let r(q) be the third derivative of -q**5/60 + 5*q**4/24 - q**3/3 + 7*q**2. What is r(m)?
2
Let k(d) be the second derivative of -d**3/6 + 2*d**2 + 15*d. Give k(-3).
7
Let b(a) = 4*a**2 - 2*a + 2. Let o(h) = -5*h**2 + 2*h - 2. Let i(s) = -4*b(s) - 3*o(s). Calculate i(3).
-5
Let k(g) = 6*g - 41. Let r(n) = -n + 8. Let j(d) = -2*k(d) - 11*r(d). Calculate j(7).
-13
Let p(v) = v + 4. Let t(j) be the first derivative of j**2 + 9*j + 2. Let h(a) = 7*p(a) - 3*t(a). Suppose -4*k = -3*l - 3*k + 5, 2*k = -10. Determine h(l).
1
Let i(d) = -d**3 + 2*d**2 + 5 - 3 + d**2. Give i(4).
-14
Let i be (-2)/7 + 30/7. Let x(b) be the first derivative of -3/2*b**2 + 1 + 5*b. Determine x(i).
-7
Let c(l) = l**3 + 2*l**2 + 2*l + 2. Suppose -3*q - 7 + 1 = 0. Let b be c(q). Let z(d) = d**3 + 2*d**2 - 1. Give z(b).
-1
Let p(i) be the third derivative of -1/3*i**3 + 0 + 0*i - 3*i**2 - 1/24*i**4. Determine p(-5).
3
Let a(n) = -6 + n**2 + 3*n - 2*n**2 + 4*n. Let j = -17 + 24. Let u = 11 - j. Calculate a(u).
6
Let v(a) = 11*a**3 - 18*a**2 + 11*a + 23. Let f(w) = -4*w**3 + 6*w**2 - 4*w - 8. Let l(y) = 8*f(y) + 3*v(y). Give l(6).
11
Let u(t) = -7 + 2*t + 4 + 2. Determine u(1).
1
Let p(x) = x**3 + 4*x**2 - 7*x - 6. Suppose 9 = -2*n - 1. Determine p(n).
4
Suppose -3*g - 6 = 3. Let z = g + 5. Let f(i) = -4 + 0 + 7 - i**3 + 5*i**z + 2. Give f(5).
5
Suppose 0 = -3*l + 4 + 2. Suppose -3*m - l = -4*k - 0*k, 4*m = 5*k - 3. Let t(p) = p**3 - 2*p. Determine t(m).
-4
Let a(t) = 4*t + 17. Let u be a(-3). Let l(h) = -h - 1. Determine l(u).
-6
Let v(x) = 3*x + 1. Let q(t) = 10*t + 8. Let l(j) = -q(j) + 4*v(j). Calculate l(-7).
-18
Let r(d) = d**2 + 4*d. Let v = 6 + -8. Let p = 8 - 12. Let n be 10/p - v/4. Give r(n).
-4
Let u(k) = k**2 + 2*k - 7. Let p(v) = -15 - 6 + 2*v**2 - v**2 + 2*v**2 + 5*v. Let g(o) = -6*p(o) + 17*u(o). Give g(5).
2
Let x(h) = -h**3 + 8*h**2 - 2*h - 5. Let c(k) be the first derivative of -k**4/4 + 3*k**3 - 3*k**2/2 - 6*k + 1. Let j(t) = 5*c(t) - 6*x(t). Determine j(3).
-9
Let m(r) = -7*r**2 - r + 1. Suppose -4*p + 4*s + 15 = -9, -p + 2*s + 7 = 0. Suppose -p*w - d = -3*d - 14, -15 = -5*d. Let j = w + -3. Calculate m(j).
-7
Let j = -17 + 19. Let l(g) = -g**3 + 2*g**2 + 4*g - 3. What is l(j)?
5
Let c(l) = -l - 4. Let j be c(-1). Let k(o) = -o**3 - o**2 + 3*o + 1. What is k(j)?
10
Let l(g) = -g - 10. Let a be l(-7). Suppose 8 + 1 = 3*c. Let o(d) = c*d + 0 + d**2 + d + 2. What is o(a)?
-1
Suppose 32 = -3*q + 11. Let h(v) = -v**2 - 7*v - 1. What is h(q)?
-1
Let l(c) = -c**2 - 6*c - 1. Let o(d) = 2*d**2 + 6*d + 2. Let r(s) = -3*l(s) - 2*o(s). Calculate r(5).
4
Let q(u) = u + 3 - u**2 + 3 - 5. Suppose 3*w + 0*w = s, 10 = -2*w + 4*s. Give q(w).
1
Suppose -6 = -2*u + 2*x, 4*u + 0*u = 5*x + 14. Let r(t) = 31*t + 1 + 0 - 25*t. Calculate r(u).
7
Let w(u) be the third derivative of -u**6/180 - u**5/40 + u**4/12 - u**3/3 - 5*u**2. Let k(m) be the first derivative of w(m). Give k(-3).
-7
Let h(x) = -1 - 3 - 7*x + 2*x - x**2 - 2*x. Calculate h(-6).
2
Let o be (-2)/(-4) + 42/4. Suppose 3*b + v + 12 = 0, 3*v - o = 3*b + 13. Let p(l) = 4 + 0*l - 4 - l - 6. Determine p(b).
-1
Let m(i) = -4*i + 1. Let o(h) = 3*h**3 - 15*h**2 + 2*h - 7. Let c be o(5). What is m(c)?
-11
Let z(m) = -m**2 - 4*m - 3. Let g be 6/((-2)/((-4)/3)). Suppose 5*y - 3*y = -g. Determine z(y).
1
Let d(j) = -27*j**3 - 11*j**2 + 3. Let y(a) = -9*a**3 - 4*a**2 + 1. Let g(p) = -p - 7. Let x be g(-4). Let b(z) = x*d(z) + 8*y(z). What is b(1)?
9
Let y(g) = -g**3 + 2*g**2 + 4*g - 2. Let h(w) = -w**3 - 8*w**2 - 9*w - 10. Let a be h(-7). Suppose -c - a*s - 31 = -6*c, -4*s = -c + 19. Calculate y(c).
1
Let x(h) = 10*h - 6. Let b(u) = u. Let g(k) = 12*b(k) - x(k). Calculate g(-5).
-4
Let v(q) = -q**3 - 6*q**2 - q - 3. Let u(c) = c**2 - 12*c - 19. Let n be u(13). Determine v(n).
3
Let k be ((-3)/2)/(6/(-8)). Let u(d) = 0*d**2 + d**2 - d**k - d**2 - 5 + d**3. Give u(0).
-5
Let v(z) = -15*z**3 - 21*z**2 - 17*z - 9. Let a(i) = -7*i**3 - 10*i**2 - 8*i - 4. Let h(g) = 13*a(g) - 6*v(g). Determine h(-2).
-2
Let a(d) be the second derivative of -d**5/20 - d**4/4 + d**3/6 + d**2/2 + 4*d. Let q be a(-3). Let p(n) = -n**3 + 4*n + 3. Determine p(q).
3
Let p(t) = t + 4. Suppose 4*s + 8*j + 13 = 5*j, j + 15 = -4*s. Determine p(s).
0
Let z(g) = -g**3 - 5*g**2 - 4*g - 4. Let t = 20 + -32. Let i be 8*2/(t/(-3)). Suppose -r = -2*u + 3*r - 28, -i*u = 3*r + 1. What is z(u)?
-4
Let w = 10 + -8. Let z(h) = h - 1 - w*h + 4. Calculate z(3).
0
Let t(h) = -10*h**3 + 6*h**2 + 11*h**3 + 0 + 5. Calculate t(-6).
5
Let r = 17 - 14. Let w be 2/r + 100/(-15). Let j(g) = -g**3 - 7*g**2 - 6*g + 1. Give j(w).
1
Let j(g) = -5*g - 1. Suppose -4*v = -1 + 5, -3*p - 5 = -v. Let t be (p + 1 + 2)/1. Let i be 4*((-6)/8 + t). Determine j(i).
-6
Let r(f) = f**3 + 11*f**2 + 7*f + 1. Let u be r(-10). Suppose -3*p + 5*l = -u, 59 = 5*p - 0*l - l. Suppose z + p = 4*z. Let t(d) = d + 1. Give t(z).
5
Let t(r) = -r + 4. Let c = -2 + -1. Let w = c - 1. Let o = w + 4. Calculate t(o).
4
Let x be (-6)/33 + 6/33. Suppose x = -2*j - 2*r - 2*r - 6, -j + 2*r = -13. Let k(l) = -l - 7. Determine k(j).
-12
Let i = 14 + -12. Let s(l) = 6*l**2 + 3*l + 2*l**2 - 4*l**2 + i - 1. Calculate s(-2).
11
Let s(w) be the third derivative of 0*w + 1/3*w**3 + 0 - 1/12*w**4 + 1/60*w**5 - 3*w**2. Determine s(3).
5
Let h be -1 + 2 - (-16)/(-4). Let u be (-6)/9*h/2. Let j(i) = -5*i + 6*i + i. Calculate j(u).
2
Let s = 2 + -4. Let a(m) = 2*m + 2*m + 1 + 0*m. Determine a(s).
-7
Let y(i) = i**2 + 6. Let v(m) = -3*m**2 + 3*m + 5. Let z(q) = -5*q**2 + 5*q + 7. Let o(h) = 8*v(h) - 5*z(h). Let t(c) = -4*o(c) + 3*y(c). Calculate t(2).
2
Let r(m) be the first derivative of m**3/3 + 3*m**2 + 2*m + 1. Let b(f) = 2*f**3 + 3*f**2 - f - 2. Let y be b(-2). Determine r(y).
-6
Let j be (1 - -1)*10/5. Let b(k) = -j*k + 10 + 3*k - 6. Give b(5).
-1
Let s(t) = -9*t + t**3 + 5*t**2 + 4*t - t**2 + 1. Give s(-5).
1
Let h(a) = -1 + a**3 + 0 + 5*a**3 - 3*a**3. Suppose -5 = -4*o - 1. Give h(o).
2
Let s(j) be the first derivative of 4*j**4 - j**3/3 + j**2/2 - 7. Give s(1).
16
Let f(n) = n**2 + 2 - 2*n**2 + n**3 + 5. Suppose -36 = 5*y - 2*y. Let v = 12 + y. What is f(v)?
7
Let x(d) be the second derivative of -d**5/20 + d**4/6 + d**3/3 - d**2/2 - d. Suppose 4*k + 2 = 3*y + 6, -5*y + 2 = 2*k. Suppose h + 3 - k = 0. Calculate x(h).
11
Let z(w) = 2*w**3 - w**2 - 30*w - 39*w - 1 + 67*w. Give z(2).
7
Let f(w) be the first derivative of -1/4*w**4 + 4/3*w**3 + 1/2*w**2 - 2 + 0*w. Calculate f(3).
12
Let c(k) be the first derivative of k**2 - 8*k - 23. Determine c(8).
8
Let f(z) be the second derivative of -z**2 + 0 + 1/12*z**4 - 5/6*z**3 + 3*z. Give f(3).
-8
Let x(s) = 7*s - 21. Let k(h) = -3*h + 10. Let t(i) = -9*k(i) - 4*x(i). Let q = -19 + 29. Suppose 0 = 3*u + 3, -q = 2*w + 2*u + 2. Give t(w).
-1
Let l be (-3 + -2)*6/(-10). Let z = 0 + l. Let k(s) be the third derivative of s**6/120 - s**5/12 + s**4/8 + s**3/3 + 5*s**2. Determine k(z).
-7
Let m(f) = -8*f**2 - 5*f + 5. Let q(o) = -7*o**2 - 4*o + 4. Let r(b) = 6*m(b) - 7*q(b). Give r(2).
2
Let d(n) be the third derivative of n**5/20 - n**4/24 + 2*n**2. Let t be d(1). Let k(c) = c**2 - 2 + 2*c - 2 + t. Give k(2).
6
Let o(a) = -a. Let d(t) = -3*t - 1. Let j(q) = -d(